et b = 9 + m. List the prime factors of (b + -7)*(-7 + 6).
7
List the prime factors of (1540/105)/(2/3).
2, 11
Suppose 2*o - 3*g - 858 = -o, o - 294 = 5*g. Let y = o - 170. What are the prime factors of y?
2, 3, 19
Let x(f) = -f**2 - 9*f + 37. Let r(k) = k**2 + 14*k - 55. Let b(u) = -5*r(u) - 8*x(u). List the prime factors of b(-5).
2, 11
Suppose 0 = -3*i + 543 + 426. What are the prime factors of i?
17, 19
Suppose -2*j + 6 = 5*h - 10, -3*j = 5*h - 19. Suppose -4*s - 4 = 0, -3 = h*y - 5*s - 78. List the prime factors of y.
5, 7
Suppose -2*j + j - 99 = 4*t, -3*j = 9. Let i = 60 + t. What are the prime factors of i?
2, 3
Let g(z) = -10*z + 4 - 11*z**2 + z**3 - 8*z**2 + 11*z**2. Let i be g(9). Let f = i - -14. List the prime factors of f.
3
Let i(f) = -184*f + 1. List the prime factors of i(-1).
5, 37
What are the prime factors of (-67980)/(-150) - 8/(-10)?
2, 227
Suppose 5*b + 3*z - 1104 - 1282 = 0, -b + 478 = z. List the prime factors of b.
2, 7, 17
Suppose 11*y = 15*y - 868. Let g = y + -142. Suppose 3*p - g = -18. List the prime factors of p.
19
Let i(d) = 3*d**3 + d**2 - 1. Let f be i(1). Let n = -1 + f. Suppose 0 = -5*w - n + 42. What are the prime factors of w?
2
Let t = -85 + 101. List the prime factors of (10*5)/1*8/t.
5
Let m = -175 - -271. Suppose -a - m = -5*a. Suppose 0 = -4*c + a + 44. What are the prime factors of c?
17
Suppose -19 + 15 = -2*m. Suppose m*y - c + 447 = 4*y, 4*c - 206 = -y. What are the prime factors of y?
2, 113
Suppose 0 = -2*n - 3*m + 1657, 0*n + 2*m = n - 832. What are the prime factors of n?
2, 5, 83
Let w be ((-6 - -3) + -2)*-2. Suppose w = 5*v - 5. Suppose -5*j = 4*k - 26, -k - k = -v*j - 24. What are the prime factors of k?
3
Suppose 27*r + 3*i = 26*r + 713, 0 = -r + 5*i + 721. What are the prime factors of r?
2, 179
Let v(u) = -4*u**2 - 21*u + 2. What are the prime factors of v(-3)?
29
Let l(i) be the first derivative of -i**3/3 + 7*i**2/2 + 22*i + 2. Let o be l(9). Suppose -5*u = 3*z + 4 - 102, 3*z = -o*u + 94. List the prime factors of z.
2, 13
Suppose -i + r + 4 = 0, i - 5*r - 15 = -3*i. Suppose i*a - 654 = 276. List the prime factors of a.
2, 3, 31
Let h(u) = u**3 + 5*u**2 - 5*u + 2. Let b be h(-6). Let c be (-6)/b - 132/(-8). List the prime factors of c - ((1 - 2) + 2).
17
Suppose 2*c + 0 = -m - 14, 4*m = -4*c - 52. Let b = 12 + m. Suppose g - r + 2*r - 24 = b, g + 4*r = 9. What are the prime factors of g?
29
Let j = -13 + 16. Suppose j*p + 0 - 9 = 0. Let f(q) = 3*q**3 - 3*q**2 - 5*q + 2. What are the prime factors of f(p)?
41
Let y be -3*(-6)/9*1. Suppose y*a = 18 - 10. Suppose -a*x = -5*o + 8, 3*x + 0*o = -5*o + 29. What are the prime factors of x?
3
Let f(t) = t**2 + 5*t - 3. Let z(k) = 0*k**2 - k + 0*k**2 + 4*k - k**2. Let s be z(5). What are the prime factors of f(s)?
47
Suppose 258 = -o + 7*o. Let s = 72 + o. List the prime factors of s.
5, 23
Let g = 20 + -11. Let k be ((-12 + 3)*g)/1. List the prime factors of 1/(-5) + k/(-5).
2
Suppose -b - g = -4*b + 892, -4*g = -2*b + 588. List the prime factors of b.
2, 149
Let i be ((-2)/(-8))/(18/144). Suppose 5*z + 4*h - h + i = 0, 0 = -5*z + 3*h + 22. Suppose 34 + 34 = z*c. What are the prime factors of c?
2, 17
Let y(d) = -4*d**2 + 17*d - 8. Let j(q) = -7*q**2 + 34*q - 16. Let s(h) = 3*j(h) - 5*y(h). Let k be s(10). Let r = k - 37. List the prime factors of r.
5
Suppose 2*v + 99 = -v + 2*f, 3*v + 2*f + 111 = 0. What are the prime factors of 8/10 + (-1792)/v?
2, 13
Let n be (-9 + -21)/((-4)/30). Suppose a = -2*a + n. What are the prime factors of a?
3, 5
What are the prime factors of 5/((-30)/(-1024))*(-27)/(-12)?
2, 3
List the prime factors of ((-4)/(-6))/((-25)/(-8700)).
2, 29
Let j(m) = 4*m**2 + 51*m - 23. List the prime factors of j(-22).
7, 113
Let q = -16 + 18. Let l(s) = -2*s**3 - s**2 + 36 + 3*s - 2*s + 3*s**3 + 0*s**q. What are the prime factors of l(0)?
2, 3
Let o = 1374 + -144. What are the prime factors of o?
2, 3, 5, 41
Suppose -3 = 2*t - 3*t. Let l = t + 74. List the prime factors of l.
7, 11
Let j = 45 + -38. Suppose j + 9 = 8*v. What are the prime factors of 14 - (2 - v)/(-1)?
2, 7
Let f(b) be the first derivative of 7*b - 3*b**2 - 2 + 4/3*b**3 + 1/4*b**4. List the prime factors of f(-5).
2, 3
Let z(u) = -u**3 - 24*u**2 - u - 25. Let i be z(-24). What are the prime factors of (4 - (i + 3)) + 104?
2, 53
Let y = -14 - -11. Let w be y/((6/(-4))/1). Suppose 100 = w*g - 5*z, 14 - 175 = -3*g + 2*z. What are the prime factors of g?
5, 11
Let b be ((9 - 5) + 32/6)*-6. What are the prime factors of (-1502)/(-14) + 1 - (-16)/b?
2, 3
Let c(a) = a**2 + 8*a + 7. Let h be c(-7). Suppose 3*s + h*s = 366. List the prime factors of s.
2, 61
Let b = 31 - 43. Let a(r) = -r**2 - 21*r - 26. What are the prime factors of a(b)?
2, 41
Let s(t) = 6*t**2 + 49*t + 57. What are the prime factors of s(-33)?
2, 3, 829
Let w(l) = 2*l**2 - 27*l. Let s be w(18). Suppose -5*f + s = -2*f. What are the prime factors of f?
2, 3
Let t = -141 - -135. Let x(v) = v**3 + 9*v**2 + 11*v + 21. What are the prime factors of x(t)?
3, 7
Let x(u) = -u**2 - 13*u + 10. Let m(a) = -a**3 - 5*a**2 - 3*a - 1. Let p be m(-3). List the prime factors of x(p).
2, 5
Suppose 7*l - 15 = 4*l. Let t = 10 - l. Suppose -2*c = t*x - 155, 0*c + 3*c = -4*x + 117. List the prime factors of x.
3, 11
Suppose -8 = 4*m, 4*y - 5*m - 231 = 119. Let k = y - 49. What are the prime factors of k?
2, 3
Let z = 1 + 2. Let n = z + 0. List the prime factors of n.
3
Let k be 28*1 - (3 + -2). Suppose 4*o = o + k. Let i = 25 - o. What are the prime factors of i?
2
Let k(q) = 8*q + 243. List the prime factors of k(-28).
19
Let g = -2309 - -3460. What are the prime factors of g?
1151
Let t = -331 - -505. Suppose -2*b + 5*b = 2*d - 103, 3*d + 2*b - t = 0. List the prime factors of d.
2, 7
Let x = 173 - -53. Suppose -x = 4*a - 5*a. What are the prime factors of a?
2, 113
Suppose 5*q - 4*h - 1323 = 1420, 12 = 4*h. List the prime factors of q.
19, 29
What are the prime factors of (-4)/(-7) + 5820/105?
2, 7
Let u(t) = 9*t + 187. What are the prime factors of u(44)?
11, 53
List the prime factors of -122*(3 + (-204)/4 + 1).
2, 47, 61
Let l(m) = m**3 - 35*m**2 - 22*m - 35. What are the prime factors of l(36)?
7, 67
Let b be (-10)/35 + 74/14. Suppose -3*v - 12 = -b*v. Suppose -14 = -l + v. What are the prime factors of l?
2, 5
Suppose -17 = -4*d - 769. Let b = d - -398. What are the prime factors of b?
2, 3, 5, 7
Suppose -271 = -g - 3*l + 134, 3 = -3*l. List the prime factors of g.
2, 3, 17
Let p = -8 + 11. Let c(k) = -9*k - 5. Let m be c(p). What are the prime factors of 24/m*(0 + -24)?
2, 3
Suppose 3*a + 0*a + 12 = 0. Let x(c) be the third derivative of -c**6/120 - c**5/20 - c**4/4 - 2*c**3/3 + 27*c**2. List the prime factors of x(a).
2, 3
Suppose -4*m + 2*t - 32 = -154, -t + 3 = 0. Suppose 0 = -4*j - 5*u + m, 0 = 4*j - 3*u + u - 4. List the prime factors of j.
3
Suppose 98*a - 2832 = 94*a. What are the prime factors of a?
2, 3, 59
Let j = -8 - -41. Suppose u - 3*y - 4 = -5*y, -4*u - 4*y + 8 = 0. List the prime factors of (j + -14)*(1 - u).
19
Suppose 2*p = 4*m + 842, p - 60 = 4*m + 365. What are the prime factors of p?
3, 139
Let z be ((-27)/18)/((-2)/4). Suppose 0 = 2*j - z*m - 37, -13 = -j + 3*m - 7*m. List the prime factors of j.
17
Let y(a) = -9*a - 17. Suppose -x - 4*n = -14, 2*n = -2*x - 3*n + 25. Suppose -23*c + 22*c - x = 0. List the prime factors of y(c).
73
Let k = -30 - -34. Suppose 1 = p + 3, 0 = 2*i - 3*p - 12. Suppose k*x = r - i - 1, -4*r = -2*x - 72. List the prime factors of r.
2, 5
Suppose 12901 = 37*x - 18*x. What are the prime factors of x?
7, 97
Suppose -13*i + 3152 = -13982. What are the prime factors of i?
2, 659
Let a = 6 - 3. Let f be 1*(-4 + a)*0. Suppose f*r + 5*r - 115 = 0. List the prime factors of r.
23
Let j be 4*(-1 + 3/2). Suppose -w + 15 = 5*c, -w - j*w - 4*c = -56. What are the prime factors of w?
2, 5
Let a(v) be the second derivative of -2*v**3/3 + 7*v**2 - 8*v. List the prime factors of a(-11).
2, 29
Let t be (-56)/(-98) - 4/7. Suppose 0 = -4*x - 4*w + 668, t = -4*x - 0*w + w + 658. What are the prime factors of x?
3, 5, 11
Suppose 4*p = -99 + 19. Let w be ((-1)/(-4))/(p/(-160)). Suppose -100 = -5*f + 3*r, w*f = f - 2*r + 7. List the prime factors of f.
17
Let d = -20 + 22. Suppose -n + 6 